e hundreds digit of 32796?
7
What is the ten thousands digit of 236686?
3
What is the units digit of 2280288?
8
What is the millions digit of 2453694?
2
What is the tens digit of 337054?
5
What is the tens digit of 3631798?
9
What is the ten thousands digit of 100585?
0
What is the units digit of 3611231?
1
What is the thousands digit of 544229?
4
What is the units digit of 349910?
0
What is the ten thousands digit of 38460?
3
What is the units digit of 217268?
8
What is the thousands digit of 156908?
6
What is the ten thousands digit of 5449191?
4
What is the ten thousands digit of 12843342?
4
What is the units digit of 515023?
3
What is the tens digit of 97113?
1
What is the hundred thousands digit of 13998276?
9
What is the tens digit of 82612?
1
What is the ten thousands digit of 5675846?
7
What is the millions digit of 4980832?
4
What is the hundreds digit of 238760?
7
What is the tens digit of 4096?
9
What is the hundreds digit of 384748?
7
What is the ten millions digit of 13558180?
1
What is the thousands digit of 58492?
8
What is the hundreds digit of 45185926?
9
What is the units digit of 121156?
6
What is the hundred thousands digit of 2017703?
0
What is the tens digit of 2600835?
3
What is the hundred thousands digit of 1334030?
3
What is the hundreds digit of 3067464?
4
What is the hundred thousands digit of 173741?
1
What is the tens digit of 9754842?
4
What is the ten thousands digit of 702573?
0
What is the hundred thousands digit of 1519272?
5
What is the thousands digit of 1607115?
7
What is the hundreds digit of 258984?
9
What is the hundred thousands digit of 2029174?
0
What is the ten thousands digit of 20632104?
3
What is the units digit of 744850?
0
What is the hundred thousands digit of 5869985?
8
What is the hundred thousands digit of 405035?
4
What is the units digit of 114831?
1
What is the ten thousands digit of 999777?
9
What is the hundreds digit of 351311?
3
What is the hundreds digit of 364090?
0
What is the thousands digit of 328592?
8
What is the hundreds digit of 748961?
9
What is the hundreds digit of 35049?
0
What is the thousands digit of 543236?
3
What is the hundred thousands digit of 277201?
2
What is the thousands digit of 117582?
7
What is the hundred thousands digit of 3159150?
1
What is the hundreds digit of 324811?
8
What is the tens digit of 2432863?
6
What is the hundred thousands digit of 266637?
2
What is the thousands digit of 910950?
0
What is the ten thousands digit of 2123545?
2
What is the thousands digit of 13213131?
3
What is the thousands digit of 841644?
1
What is the ten thousands digit of 398187?
9
What is the thousands digit of 1346003?
6
What is the hundreds digit of 12399355?
3
What is the units digit of 7894339?
9
What is the hundreds digit of 2391613?
6
What is the tens digit of 153092?
9
What is the hundreds digit of 6614373?
3
What is the units digit of 6124300?
0
What is the thousands digit of 2928389?
8
What is the tens digit of 1357171?
7
What is the units digit of 212114?
4
What is the hundred thousands digit of 1499422?
4
What is the ten thousands digit of 16277876?
7
What is the hundreds digit of 260663?
6
What is the units digit of 10098275?
5
What is the thousands digit of 268558?
8
What is the ten thousands digit of 1472526?
7
What is the units digit of 694597?
7
What is the ten thousands digit of 5552286?
5
What is the hundred thousands digit of 16035386?
0
What is the tens digit of 283549?
4
What is the units digit of 216295?
5
What is the units digit of 322921?
1
What is the tens digit of 824099?
9
What is the units digit of 740315?
5
What is the units digit of 222483?
3
What is the tens digit of 17036470?
7
What is the hundreds digit of 1221498?
4
What is the thousands digit of 490934?
0
What is the tens digit of 1015316?
1
What is the tens digit of 11327368?
6
What is the hundreds digit of 1185329?
3
What is the millions digit of 7137704?
7
What is the hundred thousands digit of 220902?
2
What is the ten thousands digit of 9089880?
8
What is the hundreds digit of 888711?
7
What is the hundreds digit of 1064331?
3
What is the tens digit of 28321?
2
What is the hundreds digit of 2267742?
7
What is the units digit of 147305?
5
What is the tens digit of 388797?
9
What is the tens digit of 19128560?
6
What is the thousands digit of 152947?
2
What is the ten thousands digit of 4144795?
4
What is the hundred thousands digit of 3529313?
5
What is the tens digit of 892349?
4
What is the thousands digit of 407814?
7
What is the thousands digit of 4835184?
5
What is the tens digit of 158168?
6
What is the hundred thousands digit of 9016613?
0
What is the ten millions digit of 26027643?
2
What is the millions digit of 5863964?
5
What is the units digit of 945177?
7
What is the tens digit of 68258?
5
What is the units digit of 4328855?
5
What is the thousands digit of 248633?
8
What is the hundred thousands digit of 1228193?
2
What is the units digit of 236131?
1
What is the millions digit of 4471069?
4
What is the hundreds digit of 169067?
0
What is the ten thousands digit of 38173?
3
What is the ten thousands digit of 1914306?
1
What is the units digit of 271575?
5
What is the ten millions digit of 32379326?
3
What is the ten millions digit of 27688624?
2
What is the hundreds digit of 241238?
2
What is the hundreds digit of 4443?
4
What is the tens digit of 60548?
4
What is the hundreds digit of 26111958?
9
What is the units digit of 215500?
0
What is the millions digit of 5530077?
5
What is the hundreds digit of 55163?
1
What is the tens digit of 426467?
6
What is the ten millions digit of 30785972?
3
What is the units digit of 16626?
6
What is the millions digit of 11475161?
1
What is the ten thousands digit of 3233087?
3
What is the units digit of 7860163?
3
What is the ten thousands digit of 1417485?
1
What is the tens digit of 1818255?
5
What is the units digit of 4850798?
8
What is the tens digit of 5840136?
3
What is the units digit of 16310?
0
What is the ten thousands digit of 6431250?
3
What is the units digit of 745336?
6
What is the hundred thousands digit of 4894813?
8
What is the hundreds digit of 1720429?
4
What is the units digit of 3058383?
3
What is the hundred thousands digit of 196439?
1
What is the tens digit of 87937?
3
What is the ten thousands digit of 394317?
9
What is the units digit of 214759?
9
What is the hundred thousands digit of 1111845?
1
What is the units digit of 298803?
3
What is the ten thousands digit of 96673?
9
What is the units digit of 14623933?
3
What is the tens digit of 43923085?
8
What is the units digit of 399747?
7
What is the units digit of 3830081?
1
What is the tens digit of 15585?
8
What is the hundreds digit of 331819?
8
What is the ten thousands digit of 2333242?
3
What is the hundreds digit of 71847?
8
What is the ten thousands digit of 2293647?
9
What is the thousands digit of 278182?
8
What is the hundred thousands digit of 1281864?
2
What is the hundred thousands digit of 760817?
7
What is the tens digit of 1786157?
5
What is the units digit of 350620?
0
What is the ten thousands digit of 18478009?
7
What is the ten millions digit of 10126313?
1
What is the units digit of 821037?
7
What is the tens digit of 756041?
4
What is the tens digit of 20845456?
5
What is the thousands digit of 422523?
2
What is the millions digit of 6453454?
6
What is the units digit of 53428?
8
What is the ten millions digit of 12608168?
1
What is the ten thousands digit of 406761?
0
What is the ten thousands digit of 10864093?
6
What is the units digit of 6340685?
5
What is the units digit of 41117?
7
What is the ten thousands digit of 37367?
3
What is the hundreds digit of 16420548?
5
What is the units digit of 172929?
9
What is the ten thousands digit of 4794676?
9
What is the thousands digit of 116416?
6
What is the millions digit of 1176587?
1
What is the ten thousands digit of 128682?
2
What is the units digit of 160389?
9
What is the units digit of 966620?
0
What is the millions digit of 4292048?
4
What is the hundred thousands digit of 13321409?
3
What is the tens digit of 73531?
3
What is the thousands digit of 1406778?
6
What is the millions digit of 1930814?
1
What is the units digit of 560847?
7
What is the ten thousands dig